{"id":851,"date":"2013-09-28T15:34:06","date_gmt":"2013-09-28T15:34:06","guid":{"rendered":"http:\/\/www.fiestanacionaldelaprimavera.com\/?page_id=851"},"modified":"2013-09-28T15:34:06","modified_gmt":"2013-09-28T15:34:06","slug":"datos-utiles","status":"publish","type":"page","link":"https:\/\/fiestanacionaldelaprimavera.com\/?page_id=851","title":{"rendered":"DATOS \u00daTILES"},"content":{"rendered":"\n<p class=\"has-text-align-center\"><strong>Aqu\u00ed les dejo los enlaces hacia la web de <a href=\"http:\/\/www.doloresya.com\" target=\"_blank\" rel=\"noopener\">SorianoDigital.com<\/a> en d\u00f3nde tengo mucha informaci\u00f3n sobre la ciudad que son de inter\u00e9s para las personas que asisten a la fiesta de la primavera de dolores.<\/strong><\/p>\n\n\n\n<p><strong><span style=\"text-decoration: underline;\">TEL\u00c9FONOS \u00daTILES:<\/span><\/strong><\/p>\n\n\n\n<p><a href=\"http:\/\/www.sorianodigital.com\/dolores\/telefonos-utiles\/\" target=\"_blank\" rel=\"noopener\">http:\/\/www.sorianodigital.com\/dolores\/telefonos-utiles\/<\/a><\/p>\n\n\n\n<p><strong><span style=\"text-decoration: underline;\">TRANSPORTE:<\/span><\/strong><\/p>\n\n\n\n<p><a href=\"http:\/\/www.sorianodigital.com\/empresas-transporte-omnibus\/\">http:\/\/www.sorianodigital.com\/empresas-transporte-omnibus\/<\/a><\/p>\n\n\n\n<p>(Algunas de las cuales colocan m\u00e1s unidades y viajes a Dolores y\/o de vuelta, en especial el d\u00eda domingo.)<\/p>\n\n\n\n<p>*Recordamos que algunas agencias colocan varios servicios m\u00e1s para estos d\u00edas. Por favor consulte en la agencia correspondiente, ya que nosotros no manejamos esa informaci\u00f3n.<\/p>\n\n\n\n<p><strong><span style=\"text-decoration: underline;\">ALOJAMIENTO:<\/span><\/strong><\/p>\n\n\n\n<p><a href=\"http:\/\/www.sorianodigital.com\/dolores\/alojamiento\/\" target=\"_blank\" rel=\"noopener\">http:\/\/www.sorianodigital.com\/dolores\/alojamiento\/<\/a><\/p>\n\n\n\n<p>En la FanPage, hemos creado unos grupos para que se contacten por temas de alojamientos que puedes revisar: <a href=\"https:\/\/www.facebook.com\/webfiestanacionaldelaprimavera\/groups\" target=\"_blank\" rel=\"noreferrer noopener\">https:\/\/www.facebook.com\/webfiestanacionaldelaprimavera\/groups<\/a><\/p>\n\n\n\n<p>*El alojamiento por lo general est\u00e1 ya casi colmado para esa fecha, pero vamos a ir publicando informaci\u00f3n sobre algunas personas que quieren ofrecer lugares para turistas y visitantes.<\/p>\n\n\n\n<p><\/p>\n\n\n\n<p><strong><span style=\"text-decoration: underline;\">GASTRONOM\u00cdA:<\/span><\/strong><\/p>\n\n\n\n<p>&#8211;<a href=\"http:\/\/www.sorianodigital.com\/dolores\/gastronomia-en-dolores\/\" target=\"_blank\" rel=\"noopener\">http:\/\/www.sorianodigital.com\/dolores\/gastronomia-en-dolores\/<\/a><\/p>\n\n\n\n<p>.<\/p>\n","protected":false},"excerpt":{"rendered":"<p>Aqu\u00ed les dejo los enlaces hacia la web de SorianoDigital.com en d\u00f3nde tengo mucha informaci\u00f3n sobre la ciudad que son de inter\u00e9s para las personas que asisten a la fiesta de la primavera de dolores. TEL\u00c9FONOS \u00daTILES: http:\/\/www.sorianodigital.com\/dolores\/telefonos-utiles\/ TRANSPORTE: http:\/\/www.sorianodigital.com\/empresas-transporte-omnibus\/ (Algunas de las cuales colocan m\u00e1s unidades y viajes a Dolores y\/o de vuelta, en [&hellip;]<\/p>\n","protected":false},"author":1,"featured_media":0,"parent":0,"menu_order":0,"comment_status":"open","ping_status":"open","template":"","meta":{"footnotes":""},"class_list":["post-851","page","type-page","status-publish","hentry"],"_links":{"self":[{"href":"https:\/\/fiestanacionaldelaprimavera.com\/index.php?rest_route=\/wp\/v2\/pages\/851","targetHints":{"allow":["GET"]}}],"collection":[{"href":"https:\/\/fiestanacionaldelaprimavera.com\/index.php?rest_route=\/wp\/v2\/pages"}],"about":[{"href":"https:\/\/fiestanacionaldelaprimavera.com\/index.php?rest_route=\/wp\/v2\/types\/page"}],"author":[{"embeddable":true,"href":"https:\/\/fiestanacionaldelaprimavera.com\/index.php?rest_route=\/wp\/v2\/users\/1"}],"replies":[{"embeddable":true,"href":"https:\/\/fiestanacionaldelaprimavera.com\/index.php?rest_route=%2Fwp%2Fv2%2Fcomments&post=851"}],"version-history":[{"count":0,"href":"https:\/\/fiestanacionaldelaprimavera.com\/index.php?rest_route=\/wp\/v2\/pages\/851\/revisions"}],"wp:attachment":[{"href":"https:\/\/fiestanacionaldelaprimavera.com\/index.php?rest_route=%2Fwp%2Fv2%2Fmedia&parent=851"}],"curies":[{"name":"wp","href":"https:\/\/api.w.org\/{rel}","templated":true}]}}