{"id":646,"date":"2012-10-20T21:26:54","date_gmt":"2012-10-20T21:26:54","guid":{"rendered":"http:\/\/www.fiestanacionaldelaprimavera.com\/?page_id=646"},"modified":"2012-10-20T21:26:54","modified_gmt":"2012-10-20T21:26:54","slug":"2012-carro-no-6-a-mover-el-esqueleto","status":"publish","type":"page","link":"https:\/\/fiestanacionaldelaprimavera.com\/?page_id=646","title":{"rendered":"Carro N\u00ba 6 \u201cA MOVER EL ESQUELETO\u201d"},"content":{"rendered":"<h2 style=\"text-align: center;\"><span style=\"text-decoration: underline;\"><strong>Carroza N\u00ba 6 \u201cA Mover El Esqueleto\u201d <\/strong><\/span><\/h2>\n<h2 style=\"text-align: center;\"><span style=\"text-decoration: underline;\"><strong>de los 5tos. unidos y anexos del Liceo 1 \u201cDr. Roberto Taruselli\u201d <\/strong><\/span><\/h2>\n<p>&nbsp;<\/p>\n<p><a href=\"http:\/\/www.fiestanacionaldelaprimavera.com\/wp-content\/uploads\/2012\/10\/carroza-6-amoverelesqueleto-agesor-www.fiestanacionaldelaprimavera.com_.jpeg\"><img loading=\"lazy\" decoding=\"async\" class=\"aligncenter  wp-image-697\" title=\"carroza-6-amoverelesqueleto-agesor-www.fiestanacionaldelaprimavera.com\" src=\"http:\/\/www.fiestanacionaldelaprimavera.com\/wp-content\/uploads\/2012\/10\/carroza-6-amoverelesqueleto-agesor-www.fiestanacionaldelaprimavera.com_.jpeg\" alt=\"\" width=\"550\" height=\"412\" \/><\/a><\/p>\n<p>&nbsp;<\/p>\n<p><span style=\"text-decoration: underline;\"><strong><em>PREMIOS:<\/em><\/strong><\/span><\/p>\n<ul>\n<li><strong>4\u00ba Premio<\/strong> (<strong><em>con 607 puntos<\/em><\/strong>) &#8211; Porcentaje de las ganancias establecidas.<\/li>\n<li><strong>1 er. Princesa:<em> Yessica Rost\u00e1n Gor\u00f3<br \/>\n<\/em><\/strong><\/li>\n<\/ul>\n<p>&nbsp;<\/p>\n<p><span style=\"text-decoration: underline;\"><em><strong>PRINCESAS:<\/strong> <\/em><\/span><\/p>\n<ul>\n<li>Yessica Rost\u00e1n Gor\u00f3<\/li>\n<li>Camila Nocetti Rost\u00e1n<\/li>\n<\/ul>\n<p>&nbsp;<\/p>\n<p><span style=\"text-decoration: underline;\"><em><strong>PRESENTACI\u00d3N:<\/strong><\/em><\/span><\/p>\n<p style=\"text-align: center;\">\u00abDe las tumbas aparecemos<\/p>\n<p style=\"text-align: center;\">Y en primavera florecemos<\/p>\n<p style=\"text-align: center;\">Le damos color y alegr\u00eda<\/p>\n<p style=\"text-align: center;\">A los quintos en este d\u00eda.<\/p>\n<p style=\"text-align: center;\">Los esqueletos vivientes<\/p>\n<p style=\"text-align: center;\">Caminan entre la gente<\/p>\n<p style=\"text-align: center;\">Y las ara\u00f1as disfrutan<\/p>\n<p style=\"text-align: center;\">Pareciendo diminutas<\/p>\n<p style=\"text-align: center;\">Del color negro sombr\u00edo<\/p>\n<p style=\"text-align: center;\">Pasamos al fl\u00fao con br\u00edos<\/p>\n<p style=\"text-align: center;\">Para deleitar a la gente<\/p>\n<p style=\"text-align: center;\">Y que nos disfrute sonriente.<\/p>\n<p style=\"text-align: center;\">A saber en este mundo,<\/p>\n<p style=\"text-align: center;\">Que una l\u00e1pida sombr\u00eda<\/p>\n<p style=\"text-align: center;\">No termina con la vida<\/p>\n<p style=\"text-align: center;\">Ni destruye la alegr\u00eda&#8230;<\/p>\n<p style=\"text-align: center;\">S\u00f3lo creer simplemente<\/p>\n<p style=\"text-align: center;\">Que un esqueleto viviente,<\/p>\n<p style=\"text-align: center;\">Puede menearse y bailar<\/p>\n<p style=\"text-align: center;\">Y con m\u00fasica disfrutar&#8230;\u00bb<\/p>\n<p>&nbsp;<\/p>\n<p><span style=\"text-decoration: underline;\"><em><strong>MULTIMEDIA:<\/strong><\/em><\/span><\/p>\n<p>Fotos y Videos<\/p>\n<p>&nbsp;<\/p>\n<p>&nbsp;<\/p>\n<p>&nbsp;<\/p>\n<p>.<\/p>\n<p><span style=\"text-decoration: underline;\"><strong>FUENTES:<\/strong><\/span><\/p>\n<ul>\n<li>Comunicados Oficiales<\/li>\n<li>Agesor.com.uy<\/li>\n<\/ul>\n","protected":false},"excerpt":{"rendered":"<p>Carroza N\u00ba 6 \u201cA Mover El Esqueleto\u201d de los 5tos. unidos y anexos del Liceo 1 \u201cDr. Roberto Taruselli\u201d &nbsp; &nbsp; PREMIOS: 4\u00ba Premio (con 607 puntos) &#8211; Porcentaje de las ganancias establecidas. 1 er. Princesa: Yessica Rost\u00e1n Gor\u00f3 &nbsp; PRINCESAS: Yessica Rost\u00e1n Gor\u00f3 Camila Nocetti Rost\u00e1n &nbsp; PRESENTACI\u00d3N: \u00abDe las tumbas aparecemos Y en [&hellip;]<\/p>\n","protected":false},"author":1,"featured_media":0,"parent":607,"menu_order":0,"comment_status":"open","ping_status":"open","template":"","meta":{"footnotes":""},"class_list":["post-646","page","type-page","status-publish","hentry"],"_links":{"self":[{"href":"https:\/\/fiestanacionaldelaprimavera.com\/index.php?rest_route=\/wp\/v2\/pages\/646","targetHints":{"allow":["GET"]}}],"collection":[{"href":"https:\/\/fiestanacionaldelaprimavera.com\/index.php?rest_route=\/wp\/v2\/pages"}],"about":[{"href":"https:\/\/fiestanacionaldelaprimavera.com\/index.php?rest_route=\/wp\/v2\/types\/page"}],"author":[{"embeddable":true,"href":"https:\/\/fiestanacionaldelaprimavera.com\/index.php?rest_route=\/wp\/v2\/users\/1"}],"replies":[{"embeddable":true,"href":"https:\/\/fiestanacionaldelaprimavera.com\/index.php?rest_route=%2Fwp%2Fv2%2Fcomments&post=646"}],"version-history":[{"count":0,"href":"https:\/\/fiestanacionaldelaprimavera.com\/index.php?rest_route=\/wp\/v2\/pages\/646\/revisions"}],"up":[{"embeddable":true,"href":"https:\/\/fiestanacionaldelaprimavera.com\/index.php?rest_route=\/wp\/v2\/pages\/607"}],"wp:attachment":[{"href":"https:\/\/fiestanacionaldelaprimavera.com\/index.php?rest_route=%2Fwp%2Fv2%2Fmedia&parent=646"}],"curies":[{"name":"wp","href":"https:\/\/api.w.org\/{rel}","templated":true}]}}