{"id":129,"date":"2011-10-01T21:58:12","date_gmt":"2011-10-01T21:58:12","guid":{"rendered":"http:\/\/www.fiestanacionaldelaprimavera.com\/?page_id=129"},"modified":"2011-10-01T21:58:12","modified_gmt":"2011-10-01T21:58:12","slug":"decada-del-60","status":"publish","type":"page","link":"https:\/\/fiestanacionaldelaprimavera.com\/?page_id=129","title":{"rendered":"Decada del &#8217;60."},"content":{"rendered":"<p><strong>Con la iniciativa de los estudiantes liceales y el apoyo incondicional de los profesores se inici\u00f3 en setiembre de 1960 la Fiesta de la Primavera. Consist\u00eda en un desfile ruidoso, sencillo y con mucha diversi\u00f3n formado por camiones, carros, camionetas, diferentes medios de comunicaci\u00f3n de la \u00e9poca, adornados con humildad pero much\u00edsimo entusiasmo.<\/strong><\/p>\n<p>Luego del desfile se realizaba un picnic original, donde la creatividad del estudiantado se pon\u00eda en pr\u00e1ctica a trav\u00e9s de concurso de baile y sketchs. Alrededor de las 21 horas la algarab\u00eda llegaba a la Asociaci\u00f3n Agropecuaria donde se realizaba el Baile clausura con la participaci\u00f3n de las familias.<\/p>\n<p>Durante esta d\u00e9cada, no exist\u00eda un Jurado, por lo tanto no se daban premios a las Carrozas.<\/p>\n<p>La elecci\u00f3n de las Reinas, la realizaban los mismos estudiantes, mediante un voto colocado en una urna.<\/p>\n<p>&nbsp;<\/p>\n<p><strong><span style=\"text-decoration: underline;\">ELECCI\u00d3N DE REINAS POR A\u00d1O:<\/span><\/strong><\/p>\n<p><strong>1960<\/strong><\/p>\n<ul>\n<li>Reina: <strong><em>Nora Barindelli<\/em><\/strong><\/li>\n<\/ul>\n<p><strong>1961<\/strong><\/p>\n<ul>\n<li>Reina: <strong><em>Susana Porr\u00e1s<\/em><\/strong><\/li>\n<\/ul>\n<p><strong>1962<\/strong><\/p>\n<ul>\n<li>Fallece Don Vicente Betervide y deciden no realizar la Fiesta.<\/li>\n<\/ul>\n<p><strong>1963<\/strong><\/p>\n<ul>\n<li>Reina: <strong><em>Silka Oliver<\/em><\/strong><\/li>\n<\/ul>\n<p><strong>1964<\/strong><\/p>\n<ul>\n<li>Reina: <strong><em>Lili\u00e1n \u00c1balos<\/em><\/strong><\/li>\n<\/ul>\n<p><strong>1965<\/strong><\/p>\n<ul>\n<li>Reina: <strong><em>L\u00eda Armand Hugon<\/em><\/strong><\/li>\n<\/ul>\n<p><strong>1966<\/strong><\/p>\n<ul>\n<li>Reina Taruselli: <strong><em>Carmen Gadea<\/em><\/strong><\/li>\n<\/ul>\n<ul>\n<li>Reina Piloto: <strong><em>Adriana Bozzo<\/em><\/strong><\/li>\n<\/ul>\n<p><strong>1967<\/strong><\/p>\n<ul>\n<li>Reina: <strong><em>Elizabeth Chequi<\/em><\/strong><\/li>\n<\/ul>\n<p><strong>\u00a01968<\/strong><\/p>\n<ul>\n<li>Reina Taruselli: <strong><em>Martha Banchero<\/em><\/strong><\/li>\n<\/ul>\n<ul>\n<li>\u00a0Reina Escuela Industrial: <strong><em>Mar\u00eda Rosa S\u00e1nchez<\/em><\/strong><\/li>\n<\/ul>\n<p><strong>1969<\/strong><\/p>\n<ul>\n<li>Reina: <strong><em>Raquel Pesce<\/em><\/strong><\/li>\n<\/ul>\n<p>&nbsp;<\/p>\n<p><strong>FUENTE:<\/strong><\/p>\n<p>http:\/\/www.doloresnet.com\/Eventos\/Fiesta_Primavera\/Decada60.htm<\/p>\n","protected":false},"excerpt":{"rendered":"<p>Con la iniciativa de los estudiantes liceales y el apoyo incondicional de los profesores se inici\u00f3 en setiembre de 1960 la Fiesta de la Primavera. Consist\u00eda en un desfile ruidoso, sencillo y con mucha diversi\u00f3n formado por camiones, carros, camionetas, diferentes medios de comunicaci\u00f3n de la \u00e9poca, adornados con humildad pero much\u00edsimo entusiasmo. Luego del [&hellip;]<\/p>\n","protected":false},"author":1,"featured_media":0,"parent":47,"menu_order":0,"comment_status":"open","ping_status":"open","template":"","meta":{"footnotes":""},"class_list":["post-129","page","type-page","status-publish","hentry"],"_links":{"self":[{"href":"https:\/\/fiestanacionaldelaprimavera.com\/index.php?rest_route=\/wp\/v2\/pages\/129","targetHints":{"allow":["GET"]}}],"collection":[{"href":"https:\/\/fiestanacionaldelaprimavera.com\/index.php?rest_route=\/wp\/v2\/pages"}],"about":[{"href":"https:\/\/fiestanacionaldelaprimavera.com\/index.php?rest_route=\/wp\/v2\/types\/page"}],"author":[{"embeddable":true,"href":"https:\/\/fiestanacionaldelaprimavera.com\/index.php?rest_route=\/wp\/v2\/users\/1"}],"replies":[{"embeddable":true,"href":"https:\/\/fiestanacionaldelaprimavera.com\/index.php?rest_route=%2Fwp%2Fv2%2Fcomments&post=129"}],"version-history":[{"count":0,"href":"https:\/\/fiestanacionaldelaprimavera.com\/index.php?rest_route=\/wp\/v2\/pages\/129\/revisions"}],"up":[{"embeddable":true,"href":"https:\/\/fiestanacionaldelaprimavera.com\/index.php?rest_route=\/wp\/v2\/pages\/47"}],"wp:attachment":[{"href":"https:\/\/fiestanacionaldelaprimavera.com\/index.php?rest_route=%2Fwp%2Fv2%2Fmedia&parent=129"}],"curies":[{"name":"wp","href":"https:\/\/api.w.org\/{rel}","templated":true}]}}