{"id":116,"date":"2011-10-01T14:07:03","date_gmt":"2011-10-01T14:07:03","guid":{"rendered":"http:\/\/www.fiestanacionaldelaprimavera.com\/?page_id=116"},"modified":"2011-10-01T14:07:03","modified_gmt":"2011-10-01T14:07:03","slug":"contacto","status":"publish","type":"page","link":"https:\/\/fiestanacionaldelaprimavera.com\/?page_id=116","title":{"rendered":"CONTACTO"},"content":{"rendered":"\n<p><strong>\u00bfC\u00f3mo Comunicarse con Nosotros y\/o la Organizaci\u00f3n?<\/strong><\/p>\n\n\n\n<p>Antes que nada, debo recordarles que esta web es Independiente y no tiene relaci\u00f3n directa con la Organizaci\u00f3n de la Fiesta, por lo que cuando trate de comunicarse, por favor, lo realice hacia el contacto que corresponda.<\/p>\n\n\n\n<p>En nuestra web, no atenderemos asuntos relacionados con la Organizaci\u00f3n, s\u00f3lo con las publicaciones u otras consultas.<\/p>\n\n\n\n<p><strong>PARA COMUNICARSE CON LA ORGANIZACI\u00d3N:<\/strong><\/p>\n\n\n\n<p>Llame al tel\u00e9fono <strong>4534-2060 o 4534 &#8211; 2852<\/strong><\/p>\n\n\n\n<p>O directamente concurra al Liceo Nro.1&nbsp; o Liceo Nro. 2 de Dolores.<\/p>\n\n\n\n<p>4534 2387 &#8211; UTU Dolores<\/p>\n\n\n\n<p>Por Correo Electr\u00f3nico a: <strong>fiestaprimaveradolores@gmail.com<\/strong><\/p>\n\n\n\n<p>.<\/p>\n\n\n\n<p><strong>PARA COMUNICARSE CON NUESTRA WEB:<\/strong><\/p>\n\n\n\n<p>Hazte fans de nuestra p\u00e1gina en Facebook y escribes un comentario o mandas un mensaje.<\/p>\n\n\n\n<p><a href=\"https:\/\/www.facebook.com\/webfiestanacionaldelaprimavera\" target=\"_blank\" rel=\"noreferrer noopener\">https:\/\/www.facebook.com\/webfiestanacionaldelaprimavera<\/a><\/p>\n\n\n\n<p>Lamentablemente por problemas de falta de tiempo hemos tenido que eliminar nuestro formulario de contacto.<\/p>\n\n\n\n<p>MUCHAS GRACIAS!<\/p>\n","protected":false},"excerpt":{"rendered":"<p>\u00bfC\u00f3mo Comunicarse con Nosotros y\/o la Organizaci\u00f3n? Antes que nada, debo recordarles que esta web es Independiente y no tiene relaci\u00f3n directa con la Organizaci\u00f3n de la Fiesta, por lo que cuando trate de comunicarse, por favor, lo realice hacia el contacto que corresponda. En nuestra web, no atenderemos asuntos relacionados con la Organizaci\u00f3n, s\u00f3lo [&hellip;]<\/p>\n","protected":false},"author":1,"featured_media":2631,"parent":0,"menu_order":0,"comment_status":"open","ping_status":"open","template":"","meta":{"footnotes":""},"class_list":["post-116","page","type-page","status-publish","has-post-thumbnail","hentry"],"_links":{"self":[{"href":"https:\/\/fiestanacionaldelaprimavera.com\/index.php?rest_route=\/wp\/v2\/pages\/116","targetHints":{"allow":["GET"]}}],"collection":[{"href":"https:\/\/fiestanacionaldelaprimavera.com\/index.php?rest_route=\/wp\/v2\/pages"}],"about":[{"href":"https:\/\/fiestanacionaldelaprimavera.com\/index.php?rest_route=\/wp\/v2\/types\/page"}],"author":[{"embeddable":true,"href":"https:\/\/fiestanacionaldelaprimavera.com\/index.php?rest_route=\/wp\/v2\/users\/1"}],"replies":[{"embeddable":true,"href":"https:\/\/fiestanacionaldelaprimavera.com\/index.php?rest_route=%2Fwp%2Fv2%2Fcomments&post=116"}],"version-history":[{"count":0,"href":"https:\/\/fiestanacionaldelaprimavera.com\/index.php?rest_route=\/wp\/v2\/pages\/116\/revisions"}],"wp:featuredmedia":[{"embeddable":true,"href":"https:\/\/fiestanacionaldelaprimavera.com\/index.php?rest_route=\/"}],"wp:attachment":[{"href":"https:\/\/fiestanacionaldelaprimavera.com\/index.php?rest_route=%2Fwp%2Fv2%2Fmedia&parent=116"}],"curies":[{"name":"wp","href":"https:\/\/api.w.org\/{rel}","templated":true}]}}