{"id":1020,"date":"2013-10-16T02:15:36","date_gmt":"2013-10-16T02:15:36","guid":{"rendered":"http:\/\/www.fiestanacionaldelaprimavera.com\/?page_id=1020"},"modified":"2013-10-16T02:15:36","modified_gmt":"2013-10-16T02:15:36","slug":"53-ed-reina-y-su-sequito","status":"publish","type":"page","link":"https:\/\/fiestanacionaldelaprimavera.com\/?page_id=1020","title":{"rendered":"53 ed. Reina y su s\u00e9quito."},"content":{"rendered":"<h2 style=\"text-align: center;\">53 ed. Reina y su s\u00e9quito. Fotos de Elecci\u00f3n y Coronaci\u00f3n (Nocturno)<\/h2>\n<p><img decoding=\"async\" class=\"ngg_displayed_gallery mceItem\" src=\"http:\/\/www.fiestanacionaldelaprimavera.com\/nextgen-attach_to_post\/preview\/id--1021\" alt=\"\" \/><\/p>\n<p>&nbsp;<\/p>\n<p>&nbsp;<\/p>\n<p>.<\/p>\n","protected":false},"excerpt":{"rendered":"<p>53 ed. Reina y su s\u00e9quito. Fotos de Elecci\u00f3n y Coronaci\u00f3n (Nocturno) &nbsp; &nbsp; .<\/p>\n","protected":false},"author":1,"featured_media":0,"parent":491,"menu_order":0,"comment_status":"open","ping_status":"open","template":"","meta":{"footnotes":""},"class_list":["post-1020","page","type-page","status-publish","hentry"],"_links":{"self":[{"href":"https:\/\/fiestanacionaldelaprimavera.com\/index.php?rest_route=\/wp\/v2\/pages\/1020","targetHints":{"allow":["GET"]}}],"collection":[{"href":"https:\/\/fiestanacionaldelaprimavera.com\/index.php?rest_route=\/wp\/v2\/pages"}],"about":[{"href":"https:\/\/fiestanacionaldelaprimavera.com\/index.php?rest_route=\/wp\/v2\/types\/page"}],"author":[{"embeddable":true,"href":"https:\/\/fiestanacionaldelaprimavera.com\/index.php?rest_route=\/wp\/v2\/users\/1"}],"replies":[{"embeddable":true,"href":"https:\/\/fiestanacionaldelaprimavera.com\/index.php?rest_route=%2Fwp%2Fv2%2Fcomments&post=1020"}],"version-history":[{"count":0,"href":"https:\/\/fiestanacionaldelaprimavera.com\/index.php?rest_route=\/wp\/v2\/pages\/1020\/revisions"}],"up":[{"embeddable":true,"href":"https:\/\/fiestanacionaldelaprimavera.com\/index.php?rest_route=\/wp\/v2\/pages\/491"}],"wp:attachment":[{"href":"https:\/\/fiestanacionaldelaprimavera.com\/index.php?rest_route=%2Fwp%2Fv2%2Fmedia&parent=1020"}],"curies":[{"name":"wp","href":"https:\/\/api.w.org\/{rel}","templated":true}]}}